or of 8848 and 134540.
28
Calculate the greatest common factor of 116595620 and 67652.
5204
Calculate the highest common divisor of 293148 and 187884.
612
What is the greatest common factor of 5559207 and 94?
47
Calculate the greatest common factor of 209479384 and 3320.
664
What is the greatest common factor of 982291016 and 8120?
1624
Calculate the greatest common divisor of 48916723 and 236.
59
Calculate the highest common divisor of 473211 and 4.
1
What is the highest common divisor of 86420 and 602910?
290
What is the highest common factor of 8397 and 16001883?
2799
Calculate the highest common divisor of 5332776 and 120.
24
Calculate the greatest common factor of 77726726 and 1070.
214
Calculate the highest common factor of 987317 and 13.
1
Calculate the highest common factor of 1696898 and 455182.
854
What is the greatest common factor of 7146670 and 71390?
590
Calculate the greatest common divisor of 388278 and 8162.
1166
What is the greatest common divisor of 80100 and 13293396?
3204
What is the highest common factor of 1027932 and 5892?
12
Calculate the greatest common divisor of 25785 and 40003995.
2865
What is the highest common factor of 182 and 9321468?
26
Calculate the greatest common factor of 14442 and 14210.
58
What is the highest common factor of 101409 and 701961?
1317
Calculate the highest common factor of 3280 and 4421850.
410
Calculate the highest common factor of 916168 and 5742.
638
What is the greatest common divisor of 12 and 39123796?
4
Calculate the highest common divisor of 614975 and 17000.
425
Calculate the highest common divisor of 2328 and 29046747.
291
Calculate the highest common divisor of 164000 and 52014650.
2050
Calculate the greatest common factor of 320 and 3319830.
10
Calculate the greatest common divisor of 5319 and 167373.
27
What is the highest common factor of 5564296 and 1?
1
What is the highest common divisor of 8 and 134125104?
8
Calculate the greatest common divisor of 4891958896 and 88.
88
Calculate the highest common factor of 14856562 and 3616.
226
What is the greatest common factor of 129376478 and 2198?
2198
Calculate the highest common factor of 14605 and 2913761.
127
What is the greatest common factor of 1064 and 4761960?
56
Calculate the highest common divisor of 596 and 895639.
149
Calculate the highest common factor of 152977321 and 7.
7
Calculate the greatest common divisor of 234 and 41219958.
78
What is the greatest common divisor of 182 and 87892922?
26
What is the greatest common divisor of 11639130 and 30?
30
Calculate the highest common factor of 819070 and 3290.
70
What is the highest common factor of 127 and 639959?
1
Calculate the highest common divisor of 44668772 and 152.
76
Calculate the highest common factor of 672 and 78622992.
336
What is the highest common factor of 14 and 36804229?
7
What is the highest common factor of 15 and 146562705?
15
Calculate the highest common divisor of 848235 and 48.
3
Calculate the greatest common factor of 21098154 and 1540.
154
What is the greatest common divisor of 282764 and 2349604?
1268
What is the highest common divisor of 1193600 and 5450?
50
Calculate the highest common divisor of 18871 and 66299.
167
What is the highest common divisor of 448 and 233554?
2
Calculate the highest common factor of 12710 and 42635695.
6355
Calculate the highest common divisor of 546 and 46566429.
273
Calculate the highest common factor of 14800 and 66094950.
1850
What is the highest common divisor of 94851 and 4446?
9
Calculate the highest common divisor of 11031417 and 20304.
1269
Calculate the highest common factor of 12718448 and 1569476.
8132
What is the greatest common divisor of 15 and 48838005?
15
What is the greatest common factor of 2486904 and 1806?
42
Calculate the greatest common factor of 48498394 and 434.
14
Calculate the highest common factor of 449388 and 784458.
3942
What is the highest common factor of 69306516 and 10096?
2524
What is the highest common factor of 42 and 21943716?
6
Calculate the highest common factor of 763320 and 456.
24
Calculate the highest common factor of 2009179 and 1028065.
1619
Calculate the greatest common factor of 40930526 and 3094.
3094
Calculate the highest common divisor of 1363221 and 18.
9
What is the highest common divisor of 7146 and 131778?
18
Calculate the highest common divisor of 189878034 and 3918.
3918
Calculate the greatest common factor of 124136 and 46138.
118
What is the highest common factor of 6097315 and 148225?
245
Calculate the highest common factor of 446760 and 847620.
3060
What is the greatest common factor of 414248 and 12084?
212
Calculate the highest common divisor of 8721460 and 27840.
580
Calculate the greatest common divisor of 288208 and 20400.
16
Calculate the greatest common divisor of 36 and 94668012.
36
What is the highest common factor of 1972 and 84821636?
1972
Calculate the greatest common divisor of 108 and 1364572.
4
What is the highest common factor of 8209862 and 137?
137
What is the greatest common factor of 104 and 13036036?
52
What is the highest common factor of 245163 and 1325499?
213
Calculate the greatest common divisor of 127982811 and 33.
33
Calculate the greatest common divisor of 835587 and 703071.
3681
Calculate the highest common factor of 13811592 and 132936.
4584
What is the greatest common divisor of 237552 and 57848?
56
What is the highest common divisor of 17936 and 2105238?
2242
Calculate the highest common factor of 1278795 and 373065.
1995
What is the greatest common divisor of 45050502 and 6?
6
What is the greatest common divisor of 18879176 and 1184?
296
Calculate the greatest common divisor of 1739061 and 118803.
597
What is the highest common divisor of 5431503 and 15?
3
Calculate the greatest common divisor of 135 and 1182087.
27
Calculate the greatest common factor of 8120 and 10480484.
812
Calculate the greatest common divisor of 7581 and 8730785.
2527
Calculate the greatest common divisor of 550697142 and 183.
183
Calculate the greatest common factor of 391 and 195593449.
391
What is the greatest common divisor of 2270528 and 45760?
832
Calculate the highest common factor of 17166008 and 1723022.
10702
What is the greatest common divisor of 133 and 2778181?
7
Calculate the greatest common factor of 1395 and 63344160.
1395
Calculate the highest common divisor of 2194977 and 6372.
177
Calculate the greatest common factor of 141346 and 153990.
58
Calculate the greatest common divisor of 510 and 6370665.
255
Calculate the greatest common factor of 14 and 2366017.
1
What is the greatest common divisor of 166528372 and 1784?
892
What is the highest common divisor of 336 and 35627676?
84
Calculate the highest common divisor of 3349216 and 18260.
332
What is the greatest common factor of 12776 and 480?
8
Calculate the highest common factor of 474 and 5892.
6
Calculate the greatest common factor of 30744 and 3475458.
126
Calculate the greatest common divisor of 1057518 and 1144.
22
What is the greatest common divisor of 1676 and 913125024?
1676
Calculate the highest common divisor of 111724942 and 14.
14
Calculate the greatest common factor of 370487 and 13.
13
What is the highest common factor of 2338085 and 20?
5
What is the greatest common divisor of 15865 and 33082700?
835
Calculate the highest common factor of 3402971 and 1197482.
7579
What is the highest common factor of 472 and 342392?
8
Calculate the highest common factor of 24108 and 188412.
84
Calculate the greatest common factor of 687810 and 34340.
1010
Calculate the greatest common factor of 60 and 286215.
15
Calculate the highest common divisor of 3915 and 18711351.
783
Calculate the greatest common factor of 264297270 and 85745.
7795
What is the highest common divisor of 18030459 and 433527?
7107
What is the highest common factor of 293300 and 21140?
140
Calculate the highest common factor of 129636 and 1979172.
468
What is the highest common divisor of 145 and 204378341?
29
Calculate the greatest common factor of 5583839575 and 25.
25
Calculate the greatest common divisor of 501382 and 1431913.
4249
Calculate the highest common factor of 26 and 679078.
2
What is the greatest common divisor of 1474 and 50271507?
737
What is the highest common divisor of 1224 and 30068784?
